{"id":380,"date":"2016-09-09T00:44:21","date_gmt":"2016-09-09T00:44:21","guid":{"rendered":"http:\/\/latinoforum.abclatino.com\/es\/?page_id=380"},"modified":"2016-09-22T19:04:41","modified_gmt":"2016-09-22T19:04:41","slug":"inscripcion-de-evento","status":"publish","type":"page","link":"http:\/\/latinoforum.abclatino.com\/es\/inscripcion-de-evento","title":{"rendered":"Inscripci\u00f3n"},"content":{"rendered":"<h1 style=\"text-align: center;\"><img loading=\"lazy\" class=\"alignnone size-large wp-image-295\" src=\"http:\/\/latinoforum.abclatino.com\/wp-content\/uploads\/2016\/08\/hispanic-Americans-Banner-1024x406.jpg\" alt=\"hispanic-Americans-Banner\" width=\"1024\" height=\"406\" srcset=\"http:\/\/latinoforum.abclatino.com\/wp-content\/uploads\/2016\/08\/hispanic-Americans-Banner-1024x406.jpg 1024w, http:\/\/latinoforum.abclatino.com\/wp-content\/uploads\/2016\/08\/hispanic-Americans-Banner-300x119.jpg 300w, http:\/\/latinoforum.abclatino.com\/wp-content\/uploads\/2016\/08\/hispanic-Americans-Banner-768x305.jpg 768w, http:\/\/latinoforum.abclatino.com\/wp-content\/uploads\/2016\/08\/hispanic-Americans-Banner-212x84.jpg 212w, http:\/\/latinoforum.abclatino.com\/wp-content\/uploads\/2016\/08\/hispanic-Americans-Banner-400x159.jpg 400w, http:\/\/latinoforum.abclatino.com\/wp-content\/uploads\/2016\/08\/hispanic-Americans-Banner-355x141.jpg 355w, http:\/\/latinoforum.abclatino.com\/wp-content\/uploads\/2016\/08\/hispanic-Americans-Banner-306x121.jpg 306w, http:\/\/latinoforum.abclatino.com\/wp-content\/uploads\/2016\/08\/hispanic-Americans-Banner-642x255.jpg 642w, http:\/\/latinoforum.abclatino.com\/wp-content\/uploads\/2016\/08\/hispanic-Americans-Banner-978x389.jpg 978w, http:\/\/latinoforum.abclatino.com\/wp-content\/uploads\/2016\/08\/hispanic-Americans-Banner.jpg 1280w\" sizes=\"(max-width: 1024px) 100vw, 1024px\" \/><\/h1>\n<h3><span lang=\"es\">Estamos muy contentos de tener su participacion al Foro Latino donde podr\u00e1 disfrutar de una conferencia interactiva con los l\u00edderes de la industria, funcionarios p\u00fablicos , empresas y otros latinos en su comunidad para discutir temas que afectan a la mayor poblaci\u00f3n en crecimiento y tener una voz en la toma de cambios cr\u00edticos expresando c\u00f3mo su comunidad se puede evitar.<\/span><\/h3>\n<p>&nbsp;<\/p>\n<p><a href=\"http:\/\/events.r20.constantcontact.com\/register\/event?oeidk=a07ed27qkkt794f24d0&amp;llr=y6ape8aab\" target=\"_blank\"><img loading=\"lazy\" class=\"wp-image-376 aligncenter\" src=\"http:\/\/latinoforum.abclatino.com\/wp-content\/uploads\/2016\/09\/Registrese.png\" alt=\"registrese\" width=\"445\" height=\"185\" srcset=\"http:\/\/latinoforum.abclatino.com\/wp-content\/uploads\/2016\/09\/Registrese.png 320w, http:\/\/latinoforum.abclatino.com\/wp-content\/uploads\/2016\/09\/Registrese-300x125.png 300w, http:\/\/latinoforum.abclatino.com\/wp-content\/uploads\/2016\/09\/Registrese-212x88.png 212w, http:\/\/latinoforum.abclatino.com\/wp-content\/uploads\/2016\/09\/Registrese-306x127.png 306w\" sizes=\"(max-width: 445px) 100vw, 445px\" \/><\/a><\/p>\n<p>&nbsp;<\/p>\n<p style=\"text-align: center;\"><span style=\"font-size: 18pt;\"><a href=\"http:\/\/latinoforum.abclatino.com\/wp-content\/uploads\/2016\/08\/Registration-Page-Latino-Forum.pdf\" target=\"_blank\"><strong><span lang=\"es\">Haga clic aqu\u00ed para descargar un formulario de inscripci\u00f3n.<\/span><\/strong><\/a><\/span><\/p>\n<p>&nbsp;<\/p>\n<h3><img loading=\"lazy\" class=\" wp-image-269 aligncenter\" src=\"http:\/\/latinoforum.abclatino.com\/wp-content\/uploads\/2016\/08\/photodune-7161195-successful-financial-plans-l-1024x683.jpg\" alt=\"Happy couple seal a deal with their personal financial advisor at home\" width=\"731\" height=\"487\" srcset=\"http:\/\/latinoforum.abclatino.com\/wp-content\/uploads\/2016\/08\/photodune-7161195-successful-financial-plans-l-1024x683.jpg 1024w, http:\/\/latinoforum.abclatino.com\/wp-content\/uploads\/2016\/08\/photodune-7161195-successful-financial-plans-l-300x200.jpg 300w, http:\/\/latinoforum.abclatino.com\/wp-content\/uploads\/2016\/08\/photodune-7161195-successful-financial-plans-l-768x512.jpg 768w, http:\/\/latinoforum.abclatino.com\/wp-content\/uploads\/2016\/08\/photodune-7161195-successful-financial-plans-l-212x141.jpg 212w, http:\/\/latinoforum.abclatino.com\/wp-content\/uploads\/2016\/08\/photodune-7161195-successful-financial-plans-l-368x245.jpg 368w, http:\/\/latinoforum.abclatino.com\/wp-content\/uploads\/2016\/08\/photodune-7161195-successful-financial-plans-l-355x236.jpg 355w, http:\/\/latinoforum.abclatino.com\/wp-content\/uploads\/2016\/08\/photodune-7161195-successful-financial-plans-l-282x188.jpg 282w, http:\/\/latinoforum.abclatino.com\/wp-content\/uploads\/2016\/08\/photodune-7161195-successful-financial-plans-l-642x428.jpg 642w, http:\/\/latinoforum.abclatino.com\/wp-content\/uploads\/2016\/08\/photodune-7161195-successful-financial-plans-l-584x389.jpg 584w\" sizes=\"(max-width: 731px) 100vw, 731px\" \/><\/h3>\n<h3><\/h3>\n<p>&nbsp;<\/p>\n<h3 id=\"evm-lcol-title-when\"><span style=\"font-size: 18pt;\"><strong><span lang=\"es\">Estad\u00edsticas importantes<\/span><\/strong><\/span><\/h3>\n<p><em><strong>Los hispanos estadounidenses est\u00e1n por delante de la curva cuando se trata de digital.<\/strong> Conducen en la adopci\u00f3n de nuevos dispositivos . Son usuarios avanzados de m\u00f3vil y el exceso de \u00edndice en el consumo de video . Pero a pesar de los hechos , estos consumidores son muy insuficientemente atendidas , y las oportunidades para llegar a ellos a trav\u00e9s digitales permanecen en gran medida sin explotar .<\/em><\/p>\n<p><strong>Vicepresidente de\u00a0Google Americas Marketing, Lisa Gevelber<\/strong><\/p>\n<p><em>La regi\u00f3n de Mid-Hudson Valley ha convertido cada vez m\u00e1s diversa , con todos los grupos raciales y \u00e9tnicos que experimentan un crecimiento desde el a\u00f1o 2000. Entre 2000 y 2014, las poblaciones minoritarias en la regi\u00f3n de los tres condados creci\u00f3 a tasas mayores que lo hicieron a nivel nacional como a nivel estatal ( excluyendo Nueva York). <strong>Residentes hispanos de la regi\u00f3n crecieron un 82%, y fueron el grupo minoritario m\u00e1s grande en la regi\u00f3n , <\/strong>con un 15 % de los residentes totals.<\/em><\/p>\n<p><strong>Mid Hudson Valley Community Profiles<\/strong><\/p>\n<div class=\"one-half\">\n<p><strong>Los latinos son un componente fundamental para el \u00e9xito del negocio<\/strong> . Ellos han acumulado gran poder adquisitivo y han experimentado un crecimiento r\u00e1pido de la poblaci\u00f3n . En el MHV , m\u00e1s de 122.000 hispanos residen en los tres condados del Ulster, Orange y Dutchess , con un poder adquisitivo combinado p\u00fablico de $2.89 mil millones.<\/p>\n<p><strong>dcrcoc.org<\/strong><\/p>\n<\/div>\n<p style=\"text-align: center;\"><span style=\"font-size: 14pt;\">\u00a0<\/span><\/p>\n<p>&nbsp;<\/p>\n","protected":false},"excerpt":{"rendered":"<p>Estamos muy contentos de tener su participacion al Foro Latino donde podr\u00e1 disfrutar de una conferencia interactiva con los l\u00edderes de la industria, funcionarios p\u00fablicos , empresas y otros latinos en su comunidad para discutir temas que afectan a la mayor poblaci\u00f3n en crecimiento y tener una voz en la toma de cambios cr\u00edticos expresando [&hellip;]<\/p>\n","protected":false},"author":1,"featured_media":0,"parent":0,"menu_order":0,"comment_status":"closed","ping_status":"closed","template":"","meta":[],"_links":{"self":[{"href":"http:\/\/latinoforum.abclatino.com\/es\/wp-json\/wp\/v2\/pages\/380"}],"collection":[{"href":"http:\/\/latinoforum.abclatino.com\/es\/wp-json\/wp\/v2\/pages"}],"about":[{"href":"http:\/\/latinoforum.abclatino.com\/es\/wp-json\/wp\/v2\/types\/page"}],"author":[{"embeddable":true,"href":"http:\/\/latinoforum.abclatino.com\/es\/wp-json\/wp\/v2\/users\/1"}],"replies":[{"embeddable":true,"href":"http:\/\/latinoforum.abclatino.com\/es\/wp-json\/wp\/v2\/comments?post=380"}],"version-history":[{"count":2,"href":"http:\/\/latinoforum.abclatino.com\/es\/wp-json\/wp\/v2\/pages\/380\/revisions"}],"predecessor-version":[{"id":436,"href":"http:\/\/latinoforum.abclatino.com\/es\/wp-json\/wp\/v2\/pages\/380\/revisions\/436"}],"wp:attachment":[{"href":"http:\/\/latinoforum.abclatino.com\/es\/wp-json\/wp\/v2\/media?parent=380"}],"curies":[{"name":"wp","href":"https:\/\/api.w.org\/{rel}","templated":true}]}}

Inscripción

<h1 style="text-align: center;"><img loading="lazy" class="alignnone size-large wp-image-295" src="http://latinoforum.abclatino.com/wp-content/uploads/2016/08/hispanic-Americans-Banner-1024x406.jpg" alt="hispanic-Americans-Banner" width="1024" height="406" srcset="http://latinoforum.abclatino.com/wp-content/uploads/2016/08/hispanic-Americans-Banner-1024x406.jpg 1024w, http://latinoforum.abclatino.com/wp-content/uploads/2016/08/hispanic-Americans-Banner-300x119.jpg 300w, http://latinoforum.abclatino.com/wp-content/uploads/2016/08/hispanic-Americans-Banner-768x305.jpg 768w, http://latinoforum.abclatino.com/wp-content/uploads/2016/08/hispanic-Americans-Banner-212x84.jpg 212w, http://latinoforum.abclatino.com/wp-content/uploads/2016/08/hispanic-Americans-Banner-400x159.jpg 400w, http://latinoforum.abclatino.com/wp-content/uploads/2016/08/hispanic-Americans-Banner-355x141.jpg 355w, http://latinoforum.abclatino.com/wp-content/uploads/2016/08/hispanic-Americans-Banner-306x121.jpg 306w, http://latinoforum.abclatino.com/wp-content/uploads/2016/08/hispanic-Americans-Banner-642x255.jpg 642w, http://latinoforum.abclatino.com/wp-content/uploads/2016/08/hispanic-Americans-Banner-978x389.jpg 978w, http://latinoforum.abclatino.com/wp-content/uploads/2016/08/hispanic-Americans-Banner.jpg 1280w" sizes="(max-width: 1024px) 100vw, 1024px" /></h1>
<h3><span lang="es">Estamos muy contentos de tener su participacion al Foro Latino donde podrá disfrutar de una conferencia interactiva con los líderes de la industria, funcionarios públicos , empresas y otros latinos en su comunidad para discutir temas que afectan a la mayor población en crecimiento y tener una voz en la toma de cambios críticos expresando cómo su comunidad se puede evitar.</span></h3>
<p>&nbsp;</p>
<p><a href="http://events.r20.constantcontact.com/register/event?oeidk=a07ed27qkkt794f24d0&amp;llr=y6ape8aab" target="_blank"><img loading="lazy" class="wp-image-376 aligncenter" src="http://latinoforum.abclatino.com/wp-content/uploads/2016/09/Registrese.png" alt="registrese" width="445" height="185" srcset="http://latinoforum.abclatino.com/wp-content/uploads/2016/09/Registrese.png 320w, http://latinoforum.abclatino.com/wp-content/uploads/2016/09/Registrese-300x125.png 300w, http://latinoforum.abclatino.com/wp-content/uploads/2016/09/Registrese-212x88.png 212w, http://latinoforum.abclatino.com/wp-content/uploads/2016/09/Registrese-306x127.png 306w" sizes="(max-width: 445px) 100vw, 445px" /></a></p>
<p>&nbsp;</p>
<p style="text-align: center;"><span style="font-size: 18pt;"><a href="http://latinoforum.abclatino.com/wp-content/uploads/2016/08/Registration-Page-Latino-Forum.pdf" target="_blank"><strong><span lang="es">Haga clic aquí para descargar un formulario de inscripción.</span></strong></a></span></p>
<p>&nbsp;</p>
<h3><img loading="lazy" class=" wp-image-269 aligncenter" src="http://latinoforum.abclatino.com/wp-content/uploads/2016/08/photodune-7161195-successful-financial-plans-l-1024x683.jpg" alt="Happy couple seal a deal with their personal financial advisor at home" width="731" height="487" srcset="http://latinoforum.abclatino.com/wp-content/uploads/2016/08/photodune-7161195-successful-financial-plans-l-1024x683.jpg 1024w, http://latinoforum.abclatino.com/wp-content/uploads/2016/08/photodune-7161195-successful-financial-plans-l-300x200.jpg 300w, http://latinoforum.abclatino.com/wp-content/uploads/2016/08/photodune-7161195-successful-financial-plans-l-768x512.jpg 768w, http://latinoforum.abclatino.com/wp-content/uploads/2016/08/photodune-7161195-successful-financial-plans-l-212x141.jpg 212w, http://latinoforum.abclatino.com/wp-content/uploads/2016/08/photodune-7161195-successful-financial-plans-l-368x245.jpg 368w, http://latinoforum.abclatino.com/wp-content/uploads/2016/08/photodune-7161195-successful-financial-plans-l-355x236.jpg 355w, http://latinoforum.abclatino.com/wp-content/uploads/2016/08/photodune-7161195-successful-financial-plans-l-282x188.jpg 282w, http://latinoforum.abclatino.com/wp-content/uploads/2016/08/photodune-7161195-successful-financial-plans-l-642x428.jpg 642w, http://latinoforum.abclatino.com/wp-content/uploads/2016/08/photodune-7161195-successful-financial-plans-l-584x389.jpg 584w" sizes="(max-width: 731px) 100vw, 731px" /></h3>
<h3></h3>
<p>&nbsp;</p>
<h3 id="evm-lcol-title-when"><span style="font-size: 18pt;"><strong><span lang="es">Estadísticas importantes</span></strong></span></h3>
<p><em><strong>Los hispanos estadounidenses están por delante de la curva cuando se trata de digital.</strong> Conducen en la adopción de nuevos dispositivos . Son usuarios avanzados de móvil y el exceso de índice en el consumo de video . Pero a pesar de los hechos , estos consumidores son muy insuficientemente atendidas , y las oportunidades para llegar a ellos a través digitales permanecen en gran medida sin explotar .</em></p>
<p><strong>Vicepresidente de Google Americas Marketing, Lisa Gevelber</strong></p>
<p><em>La región de Mid-Hudson Valley ha convertido cada vez más diversa , con todos los grupos raciales y étnicos que experimentan un crecimiento desde el año 2000. Entre 2000 y 2014, las poblaciones minoritarias en la región de los tres condados creció a tasas mayores que lo hicieron a nivel nacional como a nivel estatal ( excluyendo Nueva York). <strong>Residentes hispanos de la región crecieron un 82%, y fueron el grupo minoritario más grande en la región , </strong>con un 15 % de los residentes totals.</em></p>
<p><strong>Mid Hudson Valley Community Profiles</strong></p>
<div class="one-half">
<p><strong>Los latinos son un componente fundamental para el éxito del negocio</strong> . Ellos han acumulado gran poder adquisitivo y han experimentado un crecimiento rápido de la población . En el MHV , más de 122.000 hispanos residen en los tres condados del Ulster, Orange y Dutchess , con un poder adquisitivo combinado público de $2.89 mil millones.</p>
<p><strong>dcrcoc.org</strong></p>
</div>
<p style="text-align: center;"><span style="font-size: 14pt;"> </span></p>
<p>&nbsp;</p>

<p>Estamos muy contentos de tener su participacion al Foro Latino donde podrá disfrutar de una conferencia interactiva con los líderes de la industria, funcionarios públicos , empresas y otros latinos en su comunidad para discutir temas que afectan a la mayor población en crecimiento y tener una voz en la toma de cambios críticos expresando [&hellip;]</p>
